{"id":116,"date":"2026-04-21T01:49:12","date_gmt":"2026-04-20T23:49:12","guid":{"rendered":"http:\/\/sklepnazaliczeniedopananowickiego.pl\/?page_id=116"},"modified":"2026-04-21T02:12:09","modified_gmt":"2026-04-21T00:12:09","slug":"strona-glowna","status":"publish","type":"page","link":"https:\/\/sklepnazaliczeniedopananowickiego.pl\/","title":{"rendered":"Strona G\u0142\u00f3wna"},"content":{"rendered":"\n<p class=\"has-text-align-center\"><br>ROL-SHOP to miejsce, w kt\u00f3rym kompleksowo zaopatrzysz swoje gospodarstwo. Oferujemy solidne maszyny rolnicze, sprawdzone nawozy oraz wysokiej jako\u015bci pasze dla zwierz\u0105t gospodarskich. Stawiamy na trwa\u0142o\u015b\u0107, wydajno\u015b\u0107 i praktyczne rozwi\u0105zania, kt\u00f3re realnie wspieraj\u0105 codzienn\u0105 prac\u0119 w rolnictwie. Zapewniamy fachowe doradztwo, atrakcyjne ceny i szybk\u0105 realizacj\u0119 zam\u00f3wie\u0144 \u2013 wszystko w jednym miejscu, wygodnie i bez zb\u0119dnych komplikacji.<\/p>\n\n\n\n<figure class=\"wp-block-image size-full is-resized\"><img loading=\"lazy\" decoding=\"async\" width=\"938\" height=\"313\" src=\"http:\/\/sklepnazaliczeniedopananowickiego.pl\/wp-content\/uploads\/2026\/04\/cropped-183421_r0_940.jpg\" alt=\"\" class=\"wp-image-23\" style=\"width:1148px;height:auto\" srcset=\"https:\/\/sklepnazaliczeniedopananowickiego.pl\/wp-content\/uploads\/2026\/04\/cropped-183421_r0_940.jpg 938w, https:\/\/sklepnazaliczeniedopananowickiego.pl\/wp-content\/uploads\/2026\/04\/cropped-183421_r0_940-300x100.jpg 300w, https:\/\/sklepnazaliczeniedopananowickiego.pl\/wp-content\/uploads\/2026\/04\/cropped-183421_r0_940-768x256.jpg 768w, https:\/\/sklepnazaliczeniedopananowickiego.pl\/wp-content\/uploads\/2026\/04\/cropped-183421_r0_940-600x200.jpg 600w\" sizes=\"auto, (max-width: 938px) 100vw, 938px\" \/><\/figure>\n\n\n\n<p><\/p>\n","protected":false},"excerpt":{"rendered":"<p>ROL-SHOP to miejsce, w kt\u00f3rym kompleksowo zaopatrzysz swoje gospodarstwo. Oferujemy solidne maszyny rolnicze, sprawdzone nawozy oraz wysokiej jako\u015bci pasze dla [&hellip;]<\/p>\n","protected":false},"author":1,"featured_media":0,"parent":0,"menu_order":0,"comment_status":"closed","ping_status":"closed","template":"","meta":{"site-sidebar-layout":"default","site-content-layout":"","ast-site-content-layout":"default","site-content-style":"default","site-sidebar-style":"default","ast-global-header-display":"","ast-banner-title-visibility":"","ast-main-header-display":"","ast-hfb-above-header-display":"","ast-hfb-below-header-display":"","ast-hfb-mobile-header-display":"","site-post-title":"","ast-breadcrumbs-content":"","ast-featured-img":"","footer-sml-layout":"","ast-disable-related-posts":"","theme-transparent-header-meta":"","adv-header-id-meta":"","stick-header-meta":"","header-above-stick-meta":"","header-main-stick-meta":"","header-below-stick-meta":"","astra-migrate-meta-layouts":"default","ast-page-background-enabled":"default","ast-page-background-meta":{"desktop":{"background-color":"var(--ast-global-color-5)","background-image":"","background-repeat":"repeat","background-position":"center center","background-size":"auto","background-attachment":"scroll","background-type":"","background-media":"","overlay-type":"","overlay-color":"","overlay-opacity":"","overlay-gradient":""},"tablet":{"background-color":"","background-image":"","background-repeat":"repeat","background-position":"center center","background-size":"auto","background-attachment":"scroll","background-type":"","background-media":"","overlay-type":"","overlay-color":"","overlay-opacity":"","overlay-gradient":""},"mobile":{"background-color":"","background-image":"","background-repeat":"repeat","background-position":"center center","background-size":"auto","background-attachment":"scroll","background-type":"","background-media":"","overlay-type":"","overlay-color":"","overlay-opacity":"","overlay-gradient":""}},"ast-content-background-meta":{"desktop":{"background-color":"var(--ast-global-color-4)","background-image":"","background-repeat":"repeat","background-position":"center center","background-size":"auto","background-attachment":"scroll","background-type":"","background-media":"","overlay-type":"","overlay-color":"","overlay-opacity":"","overlay-gradient":""},"tablet":{"background-color":"var(--ast-global-color-4)","background-image":"","background-repeat":"repeat","background-position":"center center","background-size":"auto","background-attachment":"scroll","background-type":"","background-media":"","overlay-type":"","overlay-color":"","overlay-opacity":"","overlay-gradient":""},"mobile":{"background-color":"var(--ast-global-color-4)","background-image":"","background-repeat":"repeat","background-position":"center center","background-size":"auto","background-attachment":"scroll","background-type":"","background-media":"","overlay-type":"","overlay-color":"","overlay-opacity":"","overlay-gradient":""}},"footnotes":""},"class_list":["post-116","page","type-page","status-publish","hentry"],"jetpack_sharing_enabled":true,"_links":{"self":[{"href":"https:\/\/sklepnazaliczeniedopananowickiego.pl\/index.php?rest_route=\/wp\/v2\/pages\/116","targetHints":{"allow":["GET"]}}],"collection":[{"href":"https:\/\/sklepnazaliczeniedopananowickiego.pl\/index.php?rest_route=\/wp\/v2\/pages"}],"about":[{"href":"https:\/\/sklepnazaliczeniedopananowickiego.pl\/index.php?rest_route=\/wp\/v2\/types\/page"}],"author":[{"embeddable":true,"href":"https:\/\/sklepnazaliczeniedopananowickiego.pl\/index.php?rest_route=\/wp\/v2\/users\/1"}],"replies":[{"embeddable":true,"href":"https:\/\/sklepnazaliczeniedopananowickiego.pl\/index.php?rest_route=%2Fwp%2Fv2%2Fcomments&post=116"}],"version-history":[{"count":6,"href":"https:\/\/sklepnazaliczeniedopananowickiego.pl\/index.php?rest_route=\/wp\/v2\/pages\/116\/revisions"}],"predecessor-version":[{"id":126,"href":"https:\/\/sklepnazaliczeniedopananowickiego.pl\/index.php?rest_route=\/wp\/v2\/pages\/116\/revisions\/126"}],"wp:attachment":[{"href":"https:\/\/sklepnazaliczeniedopananowickiego.pl\/index.php?rest_route=%2Fwp%2Fv2%2Fmedia&parent=116"}],"curies":[{"name":"wp","href":"https:\/\/api.w.org\/{rel}","templated":true}]}}